{"id":571,"date":"2021-03-22T11:02:42","date_gmt":"2021-03-22T10:02:42","guid":{"rendered":"http:\/\/www.zirkusfestival-hueckelhoven.de\/wordpress\/?page_id=571"},"modified":"2023-06-24T19:08:28","modified_gmt":"2023-06-24T17:08:28","slug":"sponsoren-2021","status":"publish","type":"page","link":"https:\/\/www.zirkusfestival-hueckelhoven.de\/wordpress\/zirkusfestival-2021\/sponsoren-2021\/","title":{"rendered":"Sponsoren 2021"},"content":{"rendered":"<div data-colibri-id=\"571-c1\" class=\"style-337 style-local-571-c1 position-relative\">\n  <!---->\n  <div data-colibri-component=\"section\" data-colibri-id=\"571-c2\" id=\"initial-content\" class=\"h-section h-section-global-spacing d-flex align-items-lg-center align-items-md-center align-items-center style-338 style-local-571-c2 position-relative\">\n    <!---->\n    <!---->\n    <div class=\"h-section-grid-container h-section-boxed-container\">\n      <!---->\n      <div data-colibri-id=\"571-c3\" class=\"h-row-container gutters-row-lg-2 gutters-row-md-2 gutters-row-0 gutters-row-v-lg-2 gutters-row-v-md-2 gutters-row-v-2 style-339 style-local-571-c3 position-relative\">\n        <!---->\n        <div class=\"h-row justify-content-lg-center justify-content-md-center justify-content-center align-items-lg-stretch align-items-md-stretch align-items-stretch gutters-col-lg-2 gutters-col-md-2 gutters-col-0 gutters-col-v-lg-2 gutters-col-v-md-2 gutters-col-v-2\">\n          <!---->\n          <div class=\"h-column h-column-container d-flex h-col-lg-auto h-col-md-auto h-col-auto style-629-outer style-local-571-c14-outer\">\n            <div data-colibri-id=\"571-c14\" class=\"d-flex h-flex-basis h-column__inner h-px-lg-2 h-px-md-2 h-px-2 v-inner-lg-2 v-inner-md-2 v-inner-2 style-629 style-local-571-c14 position-relative\">\n              <!---->\n              <!---->\n              <div class=\"w-100 h-y-container h-column__content h-column__v-align flex-basis-100 align-self-lg-start align-self-md-start align-self-start\">\n                <!---->\n                <div data-colibri-id=\"571-c15\" class=\"h-text h-text-component style-630 style-local-571-c15 position-relative h-element\">\n                  <!---->\n                  <!---->\n                  <div class=\"\">\n                    <p><span style=\"font-weight: 800;\">Wir bedanken uns herzlich bei unseren Sponsoren des H\u00fcckelhovener Zirkusfestival 2021 f\u00fcr ihre Unterst\u00fctzung:<\/span><\/p>\n                    <p>Privatklinik Merbeck<\/p>\n                    <p>LAG Zirkus<\/p>\n                    <p>Ministerium f\u00fcr Kinder, Familie, Fl\u00fcchtlinge und Integration des Landes NRW<\/p>\n                    <p>WEP<\/p>\n                    <p>CLR Logistik, Krefeld<\/p>\n                    <p>Volksbank M\u00f6nchengladbach<\/p>\n                    <p>THW Ortsverband H\u00fcckelhoven<\/p>\n                    <p>Zahnarztpraxis Lenz, H\u00fcckelhoven<\/p>\n                    <p>Schlaukopf, Institut f\u00fcr systemisches Lernen, Erkelenz<\/p>\n                    <p>Sander und Partner, Erkelenz<\/p>\n                    <p>Zimmerei Jansen und Sohn, H\u00fcckelhoven<\/p>\n                    <p>Sanit\u00e4tshaus 44 \u00bd<\/p>\n                    <p>Hotel Friends, H\u00fcckelhoven<\/p>\n                    <p>Tapeten Schibbe, H\u00fcckelhoven<\/p>\n                    <p>Aachener Weihnachtscircus<\/p>\n                    <p>Circus Flic Flac<\/p>\n                    <p>D\u00fcsseldorfer Weihnachtscircus<\/p>\n                    <p>GOP Essen<\/p>\n                    <p>Turnmatte<\/p>\n                    <p>Circus Jonny Casselly<\/p>\n                    <p>Circus Jonny Casselly jr.<\/p>\n                    <p>Ausgesuchte Weine, Krefeld<\/p>\n                    <p>CirqArtive, Gschwend<\/p>\n                    <p>Kulturamt Wiesbaden<\/p>\n                    <p>Variet\u00e9 Et Cetera, Bochum<\/p>\n                    <p>Young Stage, Basel<\/p>\n                    <p>Luftakrobatikshop, Adendorf<\/p>\n                  <\/div>\n                <\/div>\n              <\/div>\n            <\/div>\n          <\/div>\n        <\/div>\n      <\/div>\n    <\/div>\n  <\/div>\n  <div data-colibri-component=\"section\" data-colibri-id=\"571-c6\" id=\"custom\" class=\"h-section h-section-global-spacing d-flex align-items-lg-center align-items-md-center align-items-center style-342 style-local-571-c6 position-relative\">\n    <!---->\n    <!---->\n    <div class=\"h-section-grid-container h-section-boxed-container\">\n      <!---->\n      <div data-colibri-id=\"571-c7\" class=\"h-row-container gutters-row-lg-2 gutters-row-md-2 gutters-row-0 gutters-row-v-lg-2 gutters-row-v-md-2 gutters-row-v-2 style-343 style-local-571-c7 position-relative\">\n        <!---->\n        <div class=\"h-row justify-content-lg-center justify-content-md-center justify-content-center align-items-lg-stretch align-items-md-stretch align-items-stretch gutters-col-lg-2 gutters-col-md-2 gutters-col-0 gutters-col-v-lg-2 gutters-col-v-md-2 gutters-col-v-2\">\n          <!---->\n          <div class=\"h-column h-column-container d-flex h-col-lg-auto h-col-md-auto h-col-auto style-344-outer style-local-571-c8-outer\">\n            <div data-colibri-id=\"571-c8\" class=\"d-flex h-flex-basis h-column__inner h-px-lg-2 h-px-md-2 h-px-2 v-inner-lg-2 v-inner-md-2 v-inner-2 style-344 style-local-571-c8 position-relative\">\n              <!---->\n              <!---->\n              <div class=\"w-100 h-y-container h-column__content h-column__v-align flex-basis-100 align-self-lg-start align-self-md-start align-self-start\">\n                <!---->\n                <div data-colibri-id=\"571-c9\" class=\"h-x-container style-346 style-local-571-c9 position-relative h-element\">\n                  <!---->\n                  <div class=\"h-x-container-inner style-dynamic-571-c9-group style-346-spacing style-local-571-c9-spacing\"><span class=\"h-link__outer style-347-outer style-local-571-c10-outer d-inline-flex h-element\"><a h-use-smooth-scroll=\"true\" href=\"https:\/\/www.zirkusfestival-hueckelhoven.de\/wordpress\/impressum\/\"  data-colibri-id=\"571-c10\" class=\"d-flex w-100 align-items-center h-link style-347 style-local-571-c10 position-relative\"><!----><!----> <span>Impressum<\/span><\/a>\n                    <\/span>\n                  <\/div>\n                <\/div>\n              <\/div>\n            <\/div>\n          <\/div>\n          <div class=\"h-column h-column-container d-flex h-col-lg-auto h-col-md-auto h-col-auto style-345-outer style-local-571-c11-outer\">\n            <div data-colibri-id=\"571-c11\" class=\"d-flex h-flex-basis h-column__inner h-px-lg-2 h-px-md-2 h-px-2 v-inner-lg-2 v-inner-md-2 v-inner-2 style-345 style-local-571-c11 position-relative\">\n              <!---->\n              <!---->\n              <div class=\"w-100 h-y-container h-column__content h-column__v-align flex-basis-100 align-self-lg-start align-self-md-start align-self-start\">\n                <!---->\n                <div data-colibri-id=\"571-c12\" class=\"h-x-container style-348 style-local-571-c12 position-relative h-element\">\n                  <!---->\n                  <div class=\"h-x-container-inner style-dynamic-571-c12-group style-348-spacing style-local-571-c12-spacing\"><span class=\"h-link__outer style-349-outer style-local-571-c13-outer d-inline-flex h-element\"><a h-use-smooth-scroll=\"true\" href=\"https:\/\/www.zirkusfestival-hueckelhoven.de\/wordpress\/datenschutzerklaerung\/\"  data-colibri-id=\"571-c13\" class=\"d-flex w-100 align-items-center h-link style-349 style-local-571-c13 position-relative\"><!----><!----> <span>Datenschutz<\/span><\/a>\n                    <\/span>\n                  <\/div>\n                <\/div>\n              <\/div>\n            <\/div>\n          <\/div>\n        <\/div>\n      <\/div>\n    <\/div>\n  <\/div>\n<\/div>","protected":false},"excerpt":{"rendered":"<p>Wir bedanken uns herzlich bei unseren Sponsoren des H\u00fcckelhovener Zirkusfestival 2021 f\u00fcr ihre Unterst\u00fctzung: Privatklinik Merbeck LAG Zirkus Ministerium f\u00fcr Kinder, Familie, Fl\u00fcchtlinge und Integration des Landes NRW WEP CLR Logistik, Krefeld Volksbank M\u00f6nchengladbach THW Ortsverband H\u00fcckelhoven Zahnarztpraxis Lenz, H\u00fcckelhoven Schlaukopf, Institut f\u00fcr systemisches Lernen, Erkelenz Sander und Partner, Erkelenz Zimmerei Jansen und Sohn, H\u00fcckelhoven [&hellip;]<\/p>\n","protected":false},"author":3,"featured_media":0,"parent":569,"menu_order":0,"comment_status":"closed","ping_status":"closed","template":"page-templates\/full-width-page.php","meta":{"footnotes":""},"class_list":["post-571","page","type-page","status-publish","hentry"],"_links":{"self":[{"href":"https:\/\/www.zirkusfestival-hueckelhoven.de\/wordpress\/wp-json\/wp\/v2\/pages\/571","targetHints":{"allow":["GET"]}}],"collection":[{"href":"https:\/\/www.zirkusfestival-hueckelhoven.de\/wordpress\/wp-json\/wp\/v2\/pages"}],"about":[{"href":"https:\/\/www.zirkusfestival-hueckelhoven.de\/wordpress\/wp-json\/wp\/v2\/types\/page"}],"author":[{"embeddable":true,"href":"https:\/\/www.zirkusfestival-hueckelhoven.de\/wordpress\/wp-json\/wp\/v2\/users\/3"}],"replies":[{"embeddable":true,"href":"https:\/\/www.zirkusfestival-hueckelhoven.de\/wordpress\/wp-json\/wp\/v2\/comments?post=571"}],"version-history":[{"count":7,"href":"https:\/\/www.zirkusfestival-hueckelhoven.de\/wordpress\/wp-json\/wp\/v2\/pages\/571\/revisions"}],"predecessor-version":[{"id":2001,"href":"https:\/\/www.zirkusfestival-hueckelhoven.de\/wordpress\/wp-json\/wp\/v2\/pages\/571\/revisions\/2001"}],"up":[{"embeddable":true,"href":"https:\/\/www.zirkusfestival-hueckelhoven.de\/wordpress\/wp-json\/wp\/v2\/pages\/569"}],"wp:attachment":[{"href":"https:\/\/www.zirkusfestival-hueckelhoven.de\/wordpress\/wp-json\/wp\/v2\/media?parent=571"}],"curies":[{"name":"wp","href":"https:\/\/api.w.org\/{rel}","templated":true}]}}