{"id":466,"date":"2018-11-15T17:04:47","date_gmt":"2018-11-15T16:04:47","guid":{"rendered":"http:\/\/www.zirkusfestival-hueckelhoven.de\/wordpress\/?page_id=466"},"modified":"2021-04-19T00:14:39","modified_gmt":"2021-04-18T22:14:39","slug":"sponsoren-2011","status":"publish","type":"page","link":"https:\/\/www.zirkusfestival-hueckelhoven.de\/wordpress\/fruehere-festivals\/sponsoren-2011\/","title":{"rendered":"Sponsoren 2011"},"content":{"rendered":"<div data-colibri-id=\"466-c1\" class=\"style-420 style-local-466-c1 position-relative\">\n  <!---->\n  <div data-colibri-component=\"section\" data-colibri-id=\"466-c2\" id=\"initial-content\" class=\"h-section h-section-global-spacing d-flex align-items-lg-center align-items-md-center align-items-center style-421 style-local-466-c2 position-relative\">\n    <!---->\n    <!---->\n    <div class=\"h-section-grid-container h-section-boxed-container\">\n      <!---->\n      <div data-colibri-id=\"466-c3\" class=\"h-row-container gutters-row-lg-2 gutters-row-md-2 gutters-row-0 gutters-row-v-lg-2 gutters-row-v-md-2 gutters-row-v-2 style-422 style-local-466-c3 position-relative\">\n        <!---->\n        <div class=\"h-row justify-content-lg-center justify-content-md-center justify-content-center align-items-lg-stretch align-items-md-stretch align-items-stretch gutters-col-lg-2 gutters-col-md-2 gutters-col-0 gutters-col-v-lg-2 gutters-col-v-md-2 gutters-col-v-2\">\n          <!---->\n          <div class=\"h-column h-column-container d-flex h-col-lg-auto h-col-md-auto h-col-auto style-423-outer style-local-466-c4-outer\">\n            <div data-colibri-id=\"466-c4\" class=\"d-flex h-flex-basis h-column__inner h-px-lg-2 h-px-md-2 h-px-2 v-inner-lg-2 v-inner-md-2 v-inner-2 style-423 style-local-466-c4 position-relative\">\n              <!---->\n              <!---->\n              <div class=\"w-100 h-y-container h-column__content h-column__v-align flex-basis-100 align-self-lg-start align-self-md-start align-self-start\">\n                <!---->\n                <div data-colibri-id=\"466-c5\" class=\"style-424 style-local-466-c5 position-relative h-element\">\n                  <!---->\n                  <div>\n                    <ul>\n                      <li>Apollo Variet\u00e9, D\u00fcsseldorf<\/li>\n                      <li>MIT Initiative, Henkel KGaA, D\u00fcsseldorf<\/li>\n                      <li>South African Agency for Science and Technology Advancement<\/li>\n                      <li>WestEnergie und Verkehr, Erkelenz<\/li>\n                      <li>Spiertz Verpackungen, H\u00fcckelhoven<\/li>\n                      <li>Kreiswasserwerk Heinsberg<\/li>\n                      <li>Stadt H\u00fcckelhoven<\/li>\n                      <li>Foto Siedler, Kaarst<\/li>\n                      <li>Firma Waldhausen, H\u00fcckelhoven<\/li>\n                      <li>McDonald\u00b4s, Erkelenz<\/li>\n                      <li>Asics Deutschland GmbH<\/li>\n                      <li>Pappnase, Hamburg<\/li>\n                      <li>Allstar, Reutlingen<\/li>\n                      <li>Frau Rabczynski, H\u00fcckelhoven<\/li>\n                      <li>Landrat Stephan Pusch<\/li>\n                      <li>Zurkaulen Kieswerk Doveren GmbH<\/li>\n                      <li>Herrn H\u00fcseyin Baytekin<\/li>\n                      <li>Hotel am Park, H\u00fcckelhoven<\/li>\n                      <li>Volksbank Erkelenz<\/li>\n                      <li>B\u00e4ckerei Dick, Heinsberg<\/li>\n                      <li>Welle West<\/li>\n                      <li>PPS Werbemittel, H\u00fcckelhoven<\/li>\n                      <li>Aurec, Bernburg<\/li>\n                      <li>SV Brachelen 1910 e.V.<\/li>\n                      <li>Sch\u00e4pers Spiel- und Dekowaren, Erkelenz<\/li>\n                      <li>Generalagentur der Victoria Versicherung, Christian Noven, D\u00fcsseldorf<\/li>\n                    <\/ul>\n                  <\/div>\n                <\/div>\n              <\/div>\n            <\/div>\n          <\/div>\n        <\/div>\n      <\/div>\n    <\/div>\n  <\/div>\n  <div data-colibri-component=\"section\" data-colibri-id=\"466-c6\" id=\"custom\" class=\"h-section h-section-global-spacing d-flex align-items-lg-center align-items-md-center align-items-center style-425 style-local-466-c6 position-relative\">\n    <!---->\n    <!---->\n    <div class=\"h-section-grid-container h-section-boxed-container\">\n      <!---->\n      <div data-colibri-id=\"466-c7\" class=\"h-row-container gutters-row-lg-2 gutters-row-md-2 gutters-row-0 gutters-row-v-lg-2 gutters-row-v-md-2 gutters-row-v-2 style-426 style-local-466-c7 position-relative\">\n        <!---->\n        <div class=\"h-row justify-content-lg-center justify-content-md-center justify-content-center align-items-lg-stretch align-items-md-stretch align-items-stretch gutters-col-lg-2 gutters-col-md-2 gutters-col-0 gutters-col-v-lg-2 gutters-col-v-md-2 gutters-col-v-2\">\n          <!---->\n          <div class=\"h-column h-column-container d-flex h-col-lg-auto h-col-md-auto h-col-auto style-427-outer style-local-466-c8-outer\">\n            <div data-colibri-id=\"466-c8\" class=\"d-flex h-flex-basis h-column__inner h-px-lg-2 h-px-md-2 h-px-2 v-inner-lg-2 v-inner-md-2 v-inner-2 style-427 style-local-466-c8 position-relative\">\n              <!---->\n              <!---->\n              <div class=\"w-100 h-y-container h-column__content h-column__v-align flex-basis-100 align-self-lg-start align-self-md-start align-self-start\">\n                <!---->\n                <div data-colibri-id=\"466-c10\" class=\"h-x-container style-429 style-local-466-c10 position-relative h-element\">\n                  <!---->\n                  <div class=\"h-x-container-inner style-dynamic-466-c10-group style-429-spacing style-local-466-c10-spacing\"><span class=\"h-link__outer style-430-outer style-local-466-c11-outer d-inline-flex h-element\"><a h-use-smooth-scroll=\"true\" href=\"http:\/\/www.zirkusfestival-hueckelhoven.de\/wordpress\/index.php\/impressum\/\"  data-colibri-id=\"466-c11\" class=\"d-flex w-100 align-items-center h-link style-430 style-local-466-c11 position-relative\"><!----><!----> <span>Impressum<\/span><\/a>\n                    <\/span>\n                  <\/div>\n                <\/div>\n              <\/div>\n            <\/div>\n          <\/div>\n          <div class=\"h-column h-column-container d-flex h-col-lg-auto h-col-md-auto h-col-auto style-428-outer style-local-466-c9-outer\">\n            <div data-colibri-id=\"466-c9\" class=\"d-flex h-flex-basis h-column__inner h-px-lg-2 h-px-md-2 h-px-2 v-inner-lg-2 v-inner-md-2 v-inner-2 style-428 style-local-466-c9 position-relative\">\n              <!---->\n              <!---->\n              <div class=\"w-100 h-y-container h-column__content h-column__v-align flex-basis-100 align-self-lg-start align-self-md-start align-self-start\">\n                <!---->\n                <div data-colibri-id=\"466-c12\" class=\"h-x-container style-431 style-local-466-c12 position-relative h-element\">\n                  <!---->\n                  <div class=\"h-x-container-inner style-dynamic-466-c12-group style-431-spacing style-local-466-c12-spacing\"><span class=\"h-link__outer style-432-outer style-local-466-c13-outer d-inline-flex h-element\"><a h-use-smooth-scroll=\"true\" href=\"http:\/\/www.zirkusfestival-hueckelhoven.de\/wordpress\/index.php\/datenschutzerklaerung\/\"  data-colibri-id=\"466-c13\" class=\"d-flex w-100 align-items-center h-link style-432 style-local-466-c13 position-relative\"><!----><!----> <span>Datenschutz<\/span><\/a>\n                    <\/span>\n                  <\/div>\n                <\/div>\n              <\/div>\n            <\/div>\n          <\/div>\n        <\/div>\n      <\/div>\n    <\/div>\n  <\/div>\n<\/div>","protected":false},"excerpt":{"rendered":"<p>Apollo Variet\u00e9, D\u00fcsseldorf MIT Initiative, Henkel KGaA, D\u00fcsseldorf South African Agency for Science and Technology Advancement WestEnergie und Verkehr, Erkelenz Spiertz Verpackungen, H\u00fcckelhoven Kreiswasserwerk Heinsberg Stadt H\u00fcckelhoven Foto Siedler, Kaarst Firma Waldhausen, H\u00fcckelhoven McDonald\u00b4s, Erkelenz Asics Deutschland GmbH Pappnase, Hamburg Allstar, Reutlingen Frau Rabczynski, H\u00fcckelhoven Landrat Stephan Pusch Zurkaulen Kieswerk Doveren GmbH Herrn H\u00fcseyin Baytekin [&hellip;]<\/p>\n","protected":false},"author":3,"featured_media":0,"parent":15,"menu_order":0,"comment_status":"closed","ping_status":"closed","template":"page-templates\/full-width-page.php","meta":{"footnotes":""},"class_list":["post-466","page","type-page","status-publish","hentry"],"_links":{"self":[{"href":"https:\/\/www.zirkusfestival-hueckelhoven.de\/wordpress\/wp-json\/wp\/v2\/pages\/466","targetHints":{"allow":["GET"]}}],"collection":[{"href":"https:\/\/www.zirkusfestival-hueckelhoven.de\/wordpress\/wp-json\/wp\/v2\/pages"}],"about":[{"href":"https:\/\/www.zirkusfestival-hueckelhoven.de\/wordpress\/wp-json\/wp\/v2\/types\/page"}],"author":[{"embeddable":true,"href":"https:\/\/www.zirkusfestival-hueckelhoven.de\/wordpress\/wp-json\/wp\/v2\/users\/3"}],"replies":[{"embeddable":true,"href":"https:\/\/www.zirkusfestival-hueckelhoven.de\/wordpress\/wp-json\/wp\/v2\/comments?post=466"}],"version-history":[{"count":2,"href":"https:\/\/www.zirkusfestival-hueckelhoven.de\/wordpress\/wp-json\/wp\/v2\/pages\/466\/revisions"}],"predecessor-version":[{"id":1040,"href":"https:\/\/www.zirkusfestival-hueckelhoven.de\/wordpress\/wp-json\/wp\/v2\/pages\/466\/revisions\/1040"}],"up":[{"embeddable":true,"href":"https:\/\/www.zirkusfestival-hueckelhoven.de\/wordpress\/wp-json\/wp\/v2\/pages\/15"}],"wp:attachment":[{"href":"https:\/\/www.zirkusfestival-hueckelhoven.de\/wordpress\/wp-json\/wp\/v2\/media?parent=466"}],"curies":[{"name":"wp","href":"https:\/\/api.w.org\/{rel}","templated":true}]}}