{"id":3242,"date":"2025-01-19T15:43:34","date_gmt":"2025-01-19T14:43:34","guid":{"rendered":"https:\/\/www.zirkusfestival-hueckelhoven.de\/wordpress\/?page_id=3242"},"modified":"2025-02-04T21:15:06","modified_gmt":"2025-02-04T20:15:06","slug":"zirkus-jalapeno","status":"publish","type":"page","link":"https:\/\/www.zirkusfestival-hueckelhoven.de\/wordpress\/zirkus-jalapeno\/","title":{"rendered":"Zirkus Jalape\u00f1o"},"content":{"rendered":"<div data-colibri-id=\"3242-c1\" class=\"style-730 style-local-3242-c1 position-relative\">\n  <!---->\n  <div data-colibri-component=\"section\" data-colibri-id=\"3242-c2\" id=\"custom\" class=\"h-section h-section-global-spacing d-flex align-items-lg-center align-items-md-center align-items-center style-731 style-local-3242-c2 position-relative\">\n    <!---->\n    <!---->\n    <div class=\"h-section-grid-container h-section-fluid-container\">\n      <!---->\n      <div data-colibri-id=\"3242-c3\" class=\"h-row-container gutters-row-lg-2 gutters-row-md-2 gutters-row-0 gutters-row-v-lg-2 gutters-row-v-md-2 gutters-row-v-2 style-735 style-local-3242-c3 position-relative\">\n        <!---->\n        <div class=\"h-row justify-content-lg-center justify-content-md-center justify-content-center align-items-lg-stretch align-items-md-stretch align-items-stretch gutters-col-lg-2 gutters-col-md-2 gutters-col-0 gutters-col-v-lg-2 gutters-col-v-md-2 gutters-col-v-2\">\n          <!---->\n          <div class=\"h-column h-column-container d-flex h-col-lg-auto h-col-md-auto h-col-auto style-736-outer style-local-3242-c4-outer\">\n            <div data-colibri-id=\"3242-c4\" class=\"d-flex h-flex-basis h-column__inner h-px-lg-2 h-px-md-2 h-px-2 v-inner-lg-2 v-inner-md-2 v-inner-2 style-736 style-local-3242-c4 position-relative\">\n              <!---->\n              <!---->\n              <div class=\"w-100 h-y-container h-column__content h-column__v-align flex-basis-100 align-self-lg-start align-self-md-start align-self-start\">\n                <!---->\n                <div data-colibri-id=\"3242-c5\" class=\"h-text h-text-component style-737 style-local-3242-c5 position-relative h-element\">\n                  <!---->\n                  <!---->\n                  <div class=\"\">\n                    <p>Wir schreiben das Jahr 2023. 10. H\u00fcckelhovener Zirkusfestival &#8211; Jubil\u00e4um und eine Schnaps-Idee:\n                      <br>&#8222;Was w\u00e4re, wenn Ehemalige des Zirkus Pepperoni eine Show auf die Beine stellen?&#8220;<\/p>\n                    <p>Eine Ehemaligen-Show war absolut neuartig, denn wie das halt so ist: Wenn man von der Schule weggeht, verliert man sich. Andere Interessen, andere Priorit\u00e4ten.\n                      <br>Aber wir haben uns tats\u00e4chlich wiedergefunden.<\/p>\n                    <p>Ohne die Unterst\u00fctzung von Bianca Schiff, Uli Hansen, dem Verein H\u00fcckelhovener Zirkusfreunde e.V. und den Erfahrungen, die wir als Pepperoni gesammelt haben, w\u00e4re das Projekt nicht m\u00f6glich gewesen.\n                      <br>\n                    <\/p>\n                    <p>Und die Show beim Festival war erst der Anfang. Wir hatten so viel Spa\u00df, dass schnell entschieden wurde: Wir machen das nochmal!<\/p>\n                    <p>\n                      <br>\n                    <\/p>\n                    <p><strong style=\"font-weight: 700;\">Der Zirkus Jalape\u00f1o war geboren.<\/strong><\/p>\n                    <p>\n                      <br>\n                    <\/p>\n                    <p>Das ganze Jahr \u00fcber haben wir gemeinsam geplant, organisiert und trainiert \u2013 mit einer Menge Humor, aber auch einer ordentlichen Portion Arbeit und gelegentlichem Stress.\n                      <br>Doch die Freude, die wir dabei hatten, war unbeschreiblich.<\/p>\n                    <p>Und so feierte der Zirkus Jalape\u00f1o im November 2024 Premiere mit der Show &#8222;Backstage&#8220;.<\/p>\n                    <p>Auch nach all den Jahren lebt die Leidenschaft f\u00fcr den Zirkus in uns weiter.<\/p>\n                    <p>Bleibt gespannt auf die kommenden Projekte, an denen wir bereits mit Hochdruck arbeiten und verpasst keine Insights auf Instagram.<\/p>\n                  <\/div>\n                <\/div>\n              <\/div>\n            <\/div>\n          <\/div>\n        <\/div>\n      <\/div>\n      <div data-colibri-id=\"3242-c6\" class=\"h-row-container gutters-row-lg-2 gutters-row-md-2 gutters-row-0 gutters-row-v-lg-2 gutters-row-v-md-2 gutters-row-v-2 style-740 style-local-3242-c6 position-relative\">\n        <!---->\n        <div class=\"h-row justify-content-lg-center justify-content-md-center justify-content-center align-items-lg-stretch align-items-md-stretch align-items-stretch gutters-col-lg-2 gutters-col-md-2 gutters-col-0 gutters-col-v-lg-2 gutters-col-v-md-2 gutters-col-v-2\">\n          <!---->\n          <div class=\"h-column h-column-container d-flex h-col-lg-auto h-col-md-auto h-col-auto style-741-outer style-local-3242-c7-outer\">\n            <div data-colibri-id=\"3242-c7\" class=\"d-flex h-flex-basis h-column__inner h-px-lg-2 h-px-md-2 h-px-2 v-inner-lg-2 v-inner-md-2 v-inner-2 style-741 style-local-3242-c7 position-relative\">\n              <!---->\n              <!---->\n              <div class=\"w-100 h-y-container h-column__content h-column__v-align flex-basis-100 align-self-lg-start align-self-md-start align-self-start\">\n                <!---->\n                <div data-colibri-id=\"3242-c8\" class=\"style-739 style-local-3242-c8 position-relative h-element\">\n                  <!---->\n                  <div class=\"d-flex flex-wrap h-social-icons justify-content-lg-center justify-content-md-center justify-content-center\">\n                    <div class=\"social-icon-container d-inline-flex\">\n                      <a href=\"https:\/\/www.instagram.com\/zirkusjalapeno?igsh=MWsxZmoxNHBxZ2Rjdg==\" h-use-smooth-scroll=\"true\">\n                        <div class=\"icon-container h-social-icon h-global-transition\" style=\"fill: rgb(195, 42, 163);\">\n                          <div class=\"h-icon-svg\" style=\"width: 100%; height: 100%;\">\n                            <!--Icon by Socicon (http:\/\/www.socicon.com)-->\n                            <svg version=\"1.1\" xmlns=\"http:\/\/www.w3.org\/2000\/svg\" viewBox=\"0 0 1500 1500\">\n\n                              <path d=\"M750 134.766c202.148 0 222.656 2.93 301.758 5.859 76.172 2.93 114.258 14.648 140.625 23.438 35.156 14.648 61.523 32.227 84.961 55.664 26.367 26.367 43.945 52.734 55.664 84.961 11.719 29.297 23.438 67.383 26.367 140.625 2.93 82.031 5.859 102.539 5.859 304.688s-2.93 222.656-5.859 301.758c-2.93 76.172-14.648 114.258-23.438 140.625-14.648 35.156-32.227 61.523-55.664 84.961-26.367 26.367-52.734 43.945-84.961 55.664-29.297 11.719-67.383 23.438-140.625 26.367-82.031 2.93-102.539 5.859-304.688 5.859s-222.656-2.93-301.758-5.859c-76.172-2.93-114.258-14.648-140.625-23.438-35.156-14.648-61.523-32.227-84.961-55.664-26.367-26.367-43.945-52.734-55.664-84.961-11.719-29.297-23.438-67.383-26.367-140.625-2.93-82.031-5.859-102.539-5.859-304.688s2.93-222.656 5.859-301.758c2.93-76.172 14.648-114.258 23.438-140.625 14.648-35.156 32.227-61.523 55.664-84.961 26.367-26.367 52.734-43.945 84.961-55.664 29.297-11.719 67.383-23.438 140.625-26.367 82.031-2.93 102.539-5.859 304.688-5.859M750 0c-205.078 0-228.516 2.93-307.617 5.859-82.031 2.93-137.695 14.648-181.641 32.227-49.805 20.508-93.75 46.875-134.766 87.891s-67.383 84.961-87.891 134.766c-17.578 46.875-29.297 99.609-32.227 181.641-2.93 79.102-5.859 102.539-5.859 307.617s2.93 228.516 5.859 307.617c2.93 82.031 14.648 137.695 32.227 181.641 20.508 49.805 46.875 93.75 87.891 134.766s84.961 67.383 134.766 87.891c46.875 17.578 99.609 29.297 181.641 32.227 79.102 2.93 102.539 5.859 307.617 5.859s228.516-2.93 307.617-5.859c82.031-2.93 137.695-14.648 181.641-32.227 49.805-20.508 93.75-46.875 134.766-87.891s67.383-84.961 87.891-134.766c17.578-46.875 29.297-99.609 32.227-181.641 2.93-79.102 5.859-102.539 5.859-307.617s-2.93-228.516-5.859-307.617c-2.93-82.031-14.648-137.695-32.227-181.641-20.508-49.805-46.875-93.75-87.891-134.766s-84.961-67.383-134.766-87.891c-46.875-17.578-99.609-29.297-181.641-32.227-79.102-2.93-102.539-5.859-307.617-5.859zM750 363.281c-213.867 0-386.719 172.852-386.719 386.719s172.852 386.719 386.719 386.719c213.867 0 386.719-172.852 386.719-386.719s-172.852-386.719-386.719-386.719zM750 1001.953c-137.695 0-251.953-114.258-251.953-251.953s114.258-251.953 251.953-251.953c137.695 0 251.953 114.258 251.953 251.953s-114.258 251.953-251.953 251.953zM1239.258 348.633c0 49.805-38.086 90.82-87.891 90.82s-90.82-41.016-90.82-90.82c0-49.805 41.016-87.891 90.82-87.891s87.891 38.086 87.891 87.891z\"><\/path>\n                            <\/svg>\n                          <\/div>\n                        <\/div>\n                      <\/a>\n                    <\/div>\n                  <\/div>\n                <\/div>\n              <\/div>\n            <\/div>\n          <\/div>\n        <\/div>\n      <\/div>\n      <div data-colibri-id=\"3242-c9\" class=\"h-row-container gutters-row-lg-2 gutters-row-md-2 gutters-row-0 gutters-row-v-lg-2 gutters-row-v-md-2 gutters-row-v-2 style-742 style-local-3242-c9 position-relative\">\n        <!---->\n        <div class=\"h-row justify-content-lg-center justify-content-md-center justify-content-center align-items-lg-stretch align-items-md-stretch align-items-stretch gutters-col-lg-2 gutters-col-md-2 gutters-col-0 gutters-col-v-lg-2 gutters-col-v-md-2 gutters-col-v-2\">\n          <!---->\n          <div class=\"h-column h-column-container d-flex h-col-lg-auto h-col-md-auto h-col-auto style-743-outer style-local-3242-c10-outer\">\n            <div data-colibri-id=\"3242-c10\" class=\"d-flex h-flex-basis h-column__inner h-px-lg-2 h-px-md-2 h-px-2 v-inner-lg-2 v-inner-md-2 v-inner-2 style-743 style-local-3242-c10 position-relative\">\n              <!---->\n              <!---->\n              <div class=\"w-100 h-y-container h-column__content h-column__v-align flex-basis-100 align-self-lg-start align-self-md-start align-self-start\">\n                <!---->\n                <div data-colibri-id=\"3242-c11\" class=\"d-block style-734 style-local-3242-c11 position-relative h-element\">\n                  <!---->\n                  <div class=\"h-image__frame-container-outer\">\n                    <div class=\"h-image__frame-container\">\n                      <!---->\n                      <!---->\n                      <img loading=\"lazy\" decoding=\"async\" width=\"1178\" height=\"551\" src=\"https:\/\/www.zirkusfestival-hueckelhoven.de\/wordpress\/wp-content\/uploads\/cropped-IMG_3502.jpeg\" class=\"wp-image-3246 style-734-image style-local-3242-c11-image\" alt=\"\" srcset=\"https:\/\/www.zirkusfestival-hueckelhoven.de\/wordpress\/wp-content\/uploads\/\/cropped-IMG_3502.jpeg 1178w, https:\/\/www.zirkusfestival-hueckelhoven.de\/wordpress\/wp-content\/uploads\/\/cropped-IMG_3502-300x140.jpeg 300w, https:\/\/www.zirkusfestival-hueckelhoven.de\/wordpress\/wp-content\/uploads\/\/cropped-IMG_3502-1024x479.jpeg 1024w, https:\/\/www.zirkusfestival-hueckelhoven.de\/wordpress\/wp-content\/uploads\/\/cropped-IMG_3502-768x359.jpeg 768w\" sizes=\"auto, (max-width: 1178px) 100vw, 1178px\" \/>\n                      <div class=\"h-image__frame h-hide-lg h-hide-md h-hide-sm style-734-frameImage style-local-3242-c11-frameImage\"><\/div>\n                    <\/div>\n                  <\/div>\n                <\/div>\n              <\/div>\n            <\/div>\n          <\/div>\n        <\/div>\n      <\/div>\n    <\/div>\n  <\/div>\n<\/div>","protected":false},"excerpt":{"rendered":"<p>Wir schreiben das Jahr 2023. 10. H\u00fcckelhovener Zirkusfestival &#8211; Jubil\u00e4um und eine Schnaps-Idee: &#8222;Was w\u00e4re, wenn Ehemalige des Zirkus Pepperoni eine Show auf die Beine stellen?&#8220; Eine Ehemaligen-Show war absolut neuartig, denn wie das halt so ist: Wenn man von der Schule weggeht, verliert man sich. Andere Interessen, andere Priorit\u00e4ten. Aber wir haben uns tats\u00e4chlich [&hellip;]<\/p>\n","protected":false},"author":7,"featured_media":0,"parent":0,"menu_order":0,"comment_status":"closed","ping_status":"closed","template":"page-templates\/full-width-page.php","meta":{"footnotes":""},"class_list":["post-3242","page","type-page","status-publish","hentry"],"_links":{"self":[{"href":"https:\/\/www.zirkusfestival-hueckelhoven.de\/wordpress\/wp-json\/wp\/v2\/pages\/3242","targetHints":{"allow":["GET"]}}],"collection":[{"href":"https:\/\/www.zirkusfestival-hueckelhoven.de\/wordpress\/wp-json\/wp\/v2\/pages"}],"about":[{"href":"https:\/\/www.zirkusfestival-hueckelhoven.de\/wordpress\/wp-json\/wp\/v2\/types\/page"}],"author":[{"embeddable":true,"href":"https:\/\/www.zirkusfestival-hueckelhoven.de\/wordpress\/wp-json\/wp\/v2\/users\/7"}],"replies":[{"embeddable":true,"href":"https:\/\/www.zirkusfestival-hueckelhoven.de\/wordpress\/wp-json\/wp\/v2\/comments?post=3242"}],"version-history":[{"count":5,"href":"https:\/\/www.zirkusfestival-hueckelhoven.de\/wordpress\/wp-json\/wp\/v2\/pages\/3242\/revisions"}],"predecessor-version":[{"id":3283,"href":"https:\/\/www.zirkusfestival-hueckelhoven.de\/wordpress\/wp-json\/wp\/v2\/pages\/3242\/revisions\/3283"}],"wp:attachment":[{"href":"https:\/\/www.zirkusfestival-hueckelhoven.de\/wordpress\/wp-json\/wp\/v2\/media?parent=3242"}],"curies":[{"name":"wp","href":"https:\/\/api.w.org\/{rel}","templated":true}]}}